-43515233?
43515350
In base 13, what is 3483 + 4c1?
3974
In base 5, what is 223 + -300410243?
-300410020
In base 2, what is -11000010010000111010011 + -10?
-11000010010000111010101
In base 4, what is -100213 - 230023?
-330302
In base 7, what is -54546122 + 4?
-54546115
In base 12, what is a73 - -949?
1800
In base 11, what is 25 + 55390?
55405
In base 4, what is -1020 + 132302213?
132301133
In base 16, what is 4 - 72ffb1?
-72ffad
In base 9, what is 8302162 - 5?
8302156
In base 13, what is -a62 - 97c?
-1711
In base 6, what is -3400353 + 14?
-3400335
In base 10, what is 2193 + -586?
1607
In base 4, what is 3212101 + -11131?
3200310
In base 7, what is 1215412545 - -3?
1215412551
In base 9, what is -34277548 + -4?
-34277553
In base 13, what is -8 - -42a80b?
42a803
In base 7, what is -41603444 - -3?
-41603441
In base 6, what is -223055330 - 3?
-223055333
In base 7, what is 143340432 + 23?
143340455
In base 12, what is -1559aa + -14a?
-155b38
In base 3, what is 12 + -21211122020?
-21211122001
In base 4, what is 332122 - -21320?
1020102
In base 3, what is 2011100110200122 - -20?
2011100110200212
In base 13, what is 3 - -1a177?
1a17a
In base 13, what is -2aa75a4 + 0?
-2aa75a4
In base 14, what is 7cb - -86319?
86b06
In base 11, what is -8736481 - -2?
-873647a
In base 2, what is 101 + -1001001001011101001110000101?
-1001001001011101001110000000
In base 6, what is -111430240 - 4?
-111430244
In base 4, what is 1122 + -1100031223?
-1100030101
In base 3, what is -102 + 20221020111212220?
20221020111212111
In base 16, what is -1555d8a + -2?
-1555d8c
In base 2, what is -101100101011011001101 + 10000011?
-101100101011001001010
In base 13, what is 2a12 - -30350?
33062
In base 15, what is -2d + 17398?
1736a
In base 6, what is 404 - -21032?
21440
In base 7, what is 12060245 + 1?
12060246
In base 11, what is a4736982 + -8?
a4736975
In base 16, what is 30c1508 - -5?
30c150d
In base 3, what is -1 + -11222122110211?
-11222122110212
In base 11, what is -8869986 - -3?
-8869983
In base 14, what is -640 - -1a4bb?
19c7b
In base 14, what is -65 + -db365?
-db3ca
In base 10, what is 5 - -1303341?
1303346
In base 13, what is -89 - 11b72c?
-11b7b8
In base 6, what is 14033 - -40125?
54202
In base 11, what is 4 + 182678a?
1826793
In base 6, what is 3 + 21040435032?
21040435035
In base 6, what is -525424 + 15002?
-510422
In base 3, what is 121101100101 - -10021?
121101110122
In base 4, what is 203 - 101130111330?
-101130111121
In base 3, what is 10210201112011221 + 2?
10210201112012000
In base 11, what is -915 + 2497?
1682
In base 11, what is 175 - 68394?
-6821a
In base 3, what is 110111021220 + -201?
110111021012
In base 13, what is 1389 + 1072?
242b
In base 8, what is -36040 + -772?
-37032
In base 16, what is -2 - -12318a?
123188
In base 8, what is 13435 - -1231?
14666
In base 9, what is 3404051 + -5?
3404045
In base 8, what is 1030665 - 200?
1030465
In base 9, what is -3504477 - -8?
-3504468
In base 2, what is 11 - -11100101010101011100000?
11100101010101011100011
In base 3, what is -110 - 21212222211022?
-21212222211202
In base 12, what is -90 + -481302?
-481392
In base 15, what is -32824cd - 3?
-32824d1
In base 13, what is -29170 - 30b?
-2947b
In base 2, what is -11001011111001110000000 + -100?
-11001011111001110000100
In base 8, what is -35273 + -71447?
-126742
In base 11, what is 2685 - 48194?
-4560a
In base 4, what is 1100113201301 + 1?
1100113201302
In base 15, what is -86c - -a545?
9bc8
In base 8, what is 3 + 103116200?
103116203
In base 12, what is 2b529308 - -1?
2b529309
In base 4, what is -102 - 211131003?
-211131111
In base 16, what is 16bb47a5 - 2?
16bb47a3
In base 9, what is 1343 + -3533?
-2180
In base 3, what is 122110120200021212 + -1?
122110120200021211
In base 9, what is -542338 + 137?
-542201
In base 15, what is 4 - 7207ad7?
-7207ad3
In base 6, what is -102301 + -2234?
-104535
In base 4, what is -3221320 - 211020?
-10033000
In base 3, what is -10110211210 + -1110?
-10110220020
In base 15, what is -681437 + -3?
-68143a
In base 2, what is -1111010011000100111000 - 1010100?
-1111010011000110001100
In base 13, what is 3 - -3835493?
3835496
In base 13, what is 727b + -189b?
56b0
In base 7, what is -2415 - 1241120?
-1243535
In base 15, what is -3640 + 2540?
-1100
In base 10, what is 9107 - -856?
9963
In base 11, what is 8 - 1652a444?
-1652a437
In base 5, what is 300402 + -1304?
244043
In base 8, what is -2664 - -12535?
7651
In base 13, what is -79 - 1527?
-15a3
In base 9, what is -4824185 - 113?
-4824308
In base 16, what is -a3 + -ae23?
-aec6
In base 7, what is 41 - -11110043?
11110114
In base 3, what is 10212220 - -11011020?
22001010
In base 5, what is 0 + 224004013100?
224004013100
In base 10, what is 169 + -80999?
-80830
In base 12, what is 3 + -42a75a1?
-42a759a
In base 6, what is -4 - -1300123323?
1300123315
In base 6, what is 2134 - -2201122?
2203300
In base 5, what is -220 - -23342431?
23342211
In base 10, what is -55126429 - -4?
-55126425
In base 12, what is 3184ab - -403?
3188b2
In base 10, what is 1 + 10989164?
10989165
In base 8, what is 1 + 2034012321?
2034012322
In base 3, what is -110 - -110102001102112?
110102001102002
In base 13, what is 4b9 - 2b55?
-2669
In base 12, what is -193 + 90708?
90535
In base 5, what is 403011010 + 10?
403011020
In base 16, what is 5 - 21f031?
-21f02c
In base 13, what is -3 + 1b4b39a7?
1b4b39a4
In base 5, what is 232010314101 - -2?
232010314103
In base 8, what is -50233 - 746?
-51201
In base 10, what is 848259 + -71?
848188
In base 6, what is 24 + 5440504?
5440532
In base 8, what is 0 + 43604510?
43604510
In base 9, what is -1114206 + -17?
-1114224
In base 2, what is -101 - 111010110100000100110?
-111010110100000101011
In base 9, what is -16882261 + 2?
-16882258
In base 4, what is -122 + -11023002010?
-11023002132
In base 5, what is -4 - 20423410?
-20423414
In base 7, what is -653 + 52520?
51534
In base 16, what is -bf1 + 7d2c2?
7c6d1
In base 6, what is -2332 - 1130052?
-1132424
In base 2, what is -10000111 + 1111000100000?
1110110011001
In base 3, what is -10101100110 + -100011?
-10101200121
In base 13, what is c9c0 - 97?
c926
In base 8, what is -1346 + 40?
-1306
In base 14, what is 11d2148 - 2?
11d2146
In base 2, what is -11100000001101010011001111 + -101?
-11100000001101010011010100
In base 15, what is -d33 - -2d14?
1ed1
In base 16, what is 3c + 1edb4?
1edf0
In base 12, what is -2a48 + -893?
-371b
In base 12, what is 3 + 2a9b8887?
2a9b888a
In base 5, what is 10113 - -20432024?
20442142
In base 6, what is 2 - 203055110?
-203055104
In base 8, what is 1107 + 15655?
16764
In base 15, what is 3728 + -239?
34de
In base 10, what is -29 - -199568?
199539
In base 6, what is -1010153351 + 5?
-1010153342
In base 13, what is 43 - -7407?
744a
In base 15, what is -61db2 - -c?
-61da5
In base 11, what is -8 + 278704?
2786a7
In base 8, what is -303733 + -2200?
-306133
In base 2, what is 10000 + -111011110000011111011010?
-111011110000011111001010
In base 3, what is -100002020120 - 100102?
-100002120222
In base 13, what is -a653b4 - 47?
-a6542b
In base 4, what is -11 - 13123330000?
-13123330011
In base 3, what is 20122102011 - -1012100?
20200121111
In base 2, what is -1010001 + -10010010101101010111101?
-10010010101101100001110
In base 10, what is 30 - 11999200?
-11999170
In base 3, what is 12201210001100110 + -10?
12201210001100100
In base 9, what is -80572577 + 3?
-80572574
In base 15, what is -4407851 - 2?
-4407853
In base 10, what is 14 + -271971?
-271957
In base 10, what is 23 + -46389674?
-46389651
In base 13, what is -645b8 + 229?
-6438c
In base 15, what is -1c - -480b5?
48098
In base 3, what is -201100011002 + 1020?
-201100002212
In base 9, what is -3067387 - 2?
-3067400
In base 4, what is -2020232030133 - -1?
-2020232030132
In base 11, what is 219331302 + -3?
2193312aa
In base 13, what is 48bc06 - -4?
48bc0a
In base 16, what is -3c038 + -2b?
-3c063
In base 3, what is 1 + -2211210112020012?
-2211210112020011
In base 2, what is 1101101100 + 100010000111?
101111110011
In base 14, what is -4 - 3b384dd?
-3b38503
In base 9, what is 1887310317 + 1?
1887310318
In base 9, what is 21675 - -1144?
22830
In base 9, what is -2841811 - -21?
-2841780
In base 7, what is 15025355054 + 5?
15025355062
In base 16, what is -26338 + 28d?
-260ab
In